e 17 = s*y + 3*g - 31, -2*g = -d. List the prime factors of y.
3
Let z(l) = l**3 - 2*l**2 - l - 3. Suppose 2*p - 10 = -2*v, -3*v - p + 0*p + 11 = 0. Let k be z(v). List the prime factors of ((-1)/k)/(2/(-18)).
3
Let u be (4 + -7)/((-1)/(-6)). What are the prime factors of (-4)/(-3)*(-243)/u?
2, 3
Suppose l - z = 3*z + 104, 0 = l + 2*z - 86. What are the prime factors of l?
2, 23
Let i be -1 - (2 - 1) - 2. List the prime factors of 3 - (-2 - (3 + i)).
2
Suppose 143 = 5*p + g, g - 2 - 1 = 0. Let k = -13 + p. What are the prime factors of k?
3, 5
Let c = 35 - 25. Let p = -1 + c. What are the prime factors of p?
3
Suppose -q - 8*q = -918. List the prime factors of q.
2, 3, 17
What are the prime factors of 2*(1188/(-8))/(-9)?
3, 11
Let w(v) = -29*v - 26. List the prime factors of w(-8).
2, 103
Let n(d) = -d - 1. Let o be n(5). What are the prime factors of (45/5)/(o/(-8))?
2, 3
Let q(f) = -f**3 - 4*f**2 - 3*f + 2. Let y be q(-3). Let k be 4/(-8) + 49/y. Suppose d - k = -2*d. What are the prime factors of d?
2
Suppose 2*t - 20 = -3*t. Suppose -4*n - 23 = -5*m - n, t*m - 12 = 4*n. What are the prime factors of m?
7
Suppose -8*l - 110 = -3*l. Let t = l - -36. List the prime factors of t.
2, 7
Let n be 12/(-3) - -66 - 1. Suppose -n = -5*u - 5*h + 39, 3*h = 5*u - 84. What are the prime factors of u?
2, 3
Suppose -m - l + 6 = -3, 0 = -3*l. List the prime factors of m.
3
Let x be 18/(-8) - 1/(-4). Let d = 1 - x. What are the prime factors of (0 + (-20)/(-6))*d?
2, 5
Suppose 4*a = 6*a + 26. Let v = a - -43. Suppose 20 + v = 5*l. List the prime factors of l.
2, 5
What are the prime factors of (1*51)/((-39)/(-26))?
2, 17
List the prime factors of ((-5)/(15/(-4)))/((-1)/(-198)).
2, 3, 11
Let a(d) = -6 + 0 - 21*d - 4 + 28*d. List the prime factors of a(4).
2, 3
Let i = -8 + 10. Suppose 0 = 3*v + i*v - 70. What are the prime factors of v?
2, 7
Suppose -o + 3*o - 38 = -3*w, -o = 2*w - 26. Let y = w - -8. What are the prime factors of y?
2, 11
Let w = 260 - 143. What are the prime factors of w?
3, 13
Suppose -1 = y, -2*i + 124 = -6*i - 4*y. List the prime factors of i*(-3)/(18/8).
2, 5
Suppose 3*r = 2*r - 22. Suppose 0 = -v - 22 - 10. Let q = r - v. What are the prime factors of q?
2, 5
Suppose 179 = 2*o - 117. What are the prime factors of o?
2, 37
Let o be 5/((2/1)/(-4)). Suppose 5*v - 47 = 48. Let x = v + o. List the prime factors of x.
3
Let d(q) = -2*q**3 - 23*q**2 + 16*q - 15. List the prime factors of d(-13).
2, 71
Let q be (1 + -2)*-2 - 10. Let s be ((-10)/8)/(2/q). Let j = s + 7. List the prime factors of j.
2, 3
Let w = 54 - 25. List the prime factors of w.
29
What are the prime factors of 338/8 + 12/(-48)?
2, 3, 7
Suppose 0 = 3*c - c - 140. List the prime factors of c.
2, 5, 7
Suppose -4*k + 8 = 2*z, z + 5*k - 15 + 5 = 0. Let g = z - -14. What are the prime factors of g?
2, 7
Let j(y) = 4*y**3 + 2*y**2 - 10*y - 11. Let s(p) = -p**3 + p**2 + p + 1. Let l(n) = -j(n) - 3*s(n). What are the prime factors of l(-6)?
2
What are the prime factors of (298/(-6) + 1)*(-15 + 12)?
2, 73
Let c(u) = -u - 10. Let o be c(-5). Let q = o + 8. Suppose 8 = q*z - z. List the prime factors of z.
2
Suppose -2*t + 309 = 2*l - 347, 4*l - 5*t - 1348 = 0. List the prime factors of l.
2, 83
Suppose -6*i + 3*i = 15. Let l(d) = -2*d + 2. What are the prime factors of l(i)?
2, 3
Let b be (-72)/(-7) - (-8)/(-28). Let v be ((-8)/6)/((-10)/(-15)). Let d = b - v. List the prime factors of d.
2, 3
Let y = -57 + 97. List the prime factors of y.
2, 5
List the prime factors of ((-15)/(-12))/(6/312).
5, 13
Let i = -18 - -29. Suppose 4*f = -2*z + 42, -5*f + 4 = -1. Let m = z - i. What are the prime factors of m?
2
What are the prime factors of 0 + 12/(-16) - (-1535)/4?
383
Suppose 8*n = 3*n + 70. Let j = n - -8. What are the prime factors of j?
2, 11
Suppose -171 - 209 = -5*g. What are the prime factors of (-8)/12 - g/(-6)?
2, 3
Suppose -g - m + 0 + 1 = 0, g - 4*m - 11 = 0. Suppose -c + 3*c + 10 = -g*x, 4*c + 28 = -2*x. Let o = 14 + c. What are the prime factors of o?
2, 3
Let v(c) = -3 - 10*c - 6 + 2. List the prime factors of v(-4).
3, 11
Suppose -k + 3 = -0*k. Let m(h) = -k*h + h**2 + 4*h - 4*h - 5. What are the prime factors of m(5)?
5
Suppose -5*x + 36 = g, -2*g - 2 + 4 = 0. List the prime factors of 2 + (x - (4 + -7)).
2, 3
Let m(l) = 38*l + 35. Let s(u) = -13*u - 12. Let o(c) = -6*m(c) - 17*s(c). List the prime factors of o(-5).
29
Suppose -3*l = -0*l + 21. Let w be (-2)/l + (-32)/14. Let a = w - -18. List the prime factors of a.
2
Suppose -2*u - 6 = -3*u. Suppose 0 = -z + u*z - 55. List the prime factors of z.
11
Let d = 1 - -17. List the prime factors of d.
2, 3
Suppose -5*h = 2*m - m - 7, -5*m = 5*h - 55. List the prime factors of m.
2, 3
Let z(b) = b**3 - 2*b**2 - 3*b + 2. Let v be z(3). Let c be ((v + -3)*-1)/(-1). What are the prime factors of (12/(-14))/(c/7)?
2, 3
Let a be 29/(-7) - 13/(-91). List the prime factors of 9/36 - 51/a.
13
Let j(w) = w**2 + 6*w + 2. Let r be j(-4). Let v = 2 - r. Suppose -v = -t + 4. What are the prime factors of t?
2, 3
Let x(o) = o + 17 - 4 - 2*o. Let v be (-1 - -2) + -11 + 10. List the prime factors of x(v).
13
Let v(n) = -3*n - 12. Suppose -6*b = -3*b + 24. Let d be v(b). List the prime factors of (d/(-2))/(-1 - 1).
3
Let m(y) = 6*y**2 - y + 3. List the prime factors of m(-2).
29
Let i(t) = 5*t**2 - t + 6. Let a(b) = -b**2 - 1. Let c(n) = -4*a(n) - i(n). Let v be c(3). Let w = -6 - v. What are the prime factors of w?
2
What are the prime factors of (-8 - -9)/(1/3)?
3
Let x = 14 - 13. Let h = 4 + x. What are the prime factors of h?
5
Let o(w) = -w**3 - 2*w**2 - w - 1. List the prime factors of o(-4).
5, 7
Let r be ((-24)/(-10) + -2)*-10. What are the prime factors of ((-6)/r)/((-12)/(-104))?
13
Suppose 0*f - 5*f = 400. Let g(h) = -h**2 + 2*h + 12. Let d be g(6). List the prime factors of (18/15)/(d/f).
2
Let f(c) = 8*c**2 - 5*c - 5. List the prime factors of f(-5).
2, 5, 11
Suppose 2*t = 3*i + 3*t - 130, 211 = 5*i - 4*t. Let z = i - 16. Suppose 2*v + 0*o = -5*o + z, 0 = -3*o + 9. List the prime factors of v.
2, 3
Let s = -126 - -287. What are the prime factors of s?
7, 23
Let r(q) = q**3 - 2*q**2 - 4*q - 1. Let d be r(3). Let a = 6 - d. What are the prime factors of a?
2, 5
Suppose 5*r + 231 = 4*f - 33, -197 = -3*f + 4*r. List the prime factors of f.
71
Suppose -3*r + 8 + 1 = 0. Let l = -3 + r. Suppose i + 4 = l, 4*f - 3*i = -0*i + 20. List the prime factors of f.
2
Suppose 3*i - 57 = 3*t, -3*i + 7*t = 2*t - 53. What are the prime factors of i?
3, 7
Let t(q) = -q**2 - 10*q - 6. Let a be t(-9). Suppose j - 3 = -a*s, -5*s - j = -s - 5. List the prime factors of s.
2
Let v(z) = -2*z**3 + 5*z**2 + 6*z + 2. List the prime factors of v(-3).
83
Let p = 34 + -22. What are the prime factors of (6*p/(-9))/(-2)?
2
Let l be 1 - (-3 - (-3 - -2)). Suppose -l + 35 = 4*j. List the prime factors of j.
2
Let n = -3 - -11. What are the prime factors of 62/n + (-15)/20?
7
Let a = -33 + 55. What are the prime factors of a?
2, 11
List the prime factors of (993/9 - (-1)/(-3)) + -2.
2, 3
Suppose o + 4*s - 111 = 0, -4*o + 477 = -0*s + 5*s. What are the prime factors of o?
3, 41
Suppose 19 = l - 8. What are the prime factors of l?
3
Suppose x - 32 - 48 = -3*m, 0 = -4*m - 3*x + 100. What are the prime factors of m?
2, 7
Let t be (1 - 2)*-2*9. What are the prime factors of ((-6)/(-4))/(t/120)?
2, 5
Let w(c) be the second derivative of -7/12*c**4 + 0 - 4/3*c**3 - 7/2*c**2 - c - 1/20*c**5. What are the prime factors of w(-6)?
5
Let o(m) = -m**2 - 7*m - 3. Let y be o(-6). Suppose -31 = -2*s - a, -s + 3*a = -y - 9. What are the prime factors of s?
3, 5
Let o = -24 + 54. What are the prime factors of o?
2, 3, 5
Let z be 0 - (-2 + 1 + 0). Let n be (z - 0)/(-3 + 4). Let a(j) = 3*j**2 + 2*j - 1. What are the prime factors of a(n)?
2
Let k(s) = 38*s**3 + 3*s - 7. List the prime factors of k(2).
3, 101
Let d be 3/4 + 44/(-16). Let v(z) = -3*z**3 - 3*z**2 - z. What are the prime factors of v(d)?
2, 7
Let q(y) = 2*y**2 + 5*y - 9. What are the prime factors of q(5)?
2, 3, 11
Let f(k) be the third derivative of k**4/24 - 2*k**3/3 - k**2. Let j be f(6). Suppose 0 = -h + 5*i + 5 + 1, -4*i - 24 = -j*h. What are the prime factors of h?
2
List the prime factors of 25/(-10)*8/10 - -78.
2, 1